 = -n - p*n. What is the greatest common divisor of 16 and n?
16
Let a(d) = -2*d + 12 - d + 2*d. Let q be a(8). Calculate the greatest common factor of q and 4.
4
Let w = 130 + -35. Suppose 3*i + 2*c - 87 = w, -4*c + 64 = i. Calculate the greatest common factor of 15 and i.
15
Let l = 5 + 0. Let d = -1 + 6. Suppose -d*c + 4*k = -346, -l*k = c + c - 145. Calculate the greatest common factor of c and 10.
10
Let g be 114 + (2 - (-3 + 2)). Calculate the greatest common divisor of 26 and g.
13
Let w be (7 - -1)*3/4. Suppose -204 = -4*b - 4*f, -3*f - 39 = -b - 0*f. Calculate the greatest common divisor of w and b.
6
Let h be -2*1 - (-29 - 10). Suppose -10 + h = 3*g. What is the highest common divisor of 81 and g?
9
Let p = 82 + -34. Suppose -5*s - d = -10, 3*s - 29 = d + 3*d. Let y(j) = j**3 + 2*j**2 - 3*j - 4. Let o be y(s). What is the greatest common divisor of p and o?
16
Let p(c) = c**2 + 3*c + 8. Let i be p(8). What is the greatest common divisor of i and 12?
12
Let c be (-328)/28 + 2/(-7). Let t be 2643/12 - (-3)/c. What is the greatest common factor of t and 20?
20
Suppose 2*m + j - 20 = -2*m, 2*m - j = 16. Let v be (-6)/2*1 + 0. Let k be 6/(-3 - -2 - v). What is the greatest common factor of m and k?
3
Let i be ((-12)/(-18))/((-6)/(-585)). Calculate the greatest common divisor of i and 13.
13
Let i = -54 + 62. What is the greatest common divisor of 8 and i?
8
Let d(g) = -g**2 - 8*g + 3. Let a be d(-6). What is the highest common divisor of 30 and a?
15
Let c = 29 - -123. What is the highest common factor of c and 19?
19
Let m = 40 + -34. Let l(u) = u**2 - 7*u + 9. Let w be l(6). Suppose f = w + m. Calculate the highest common divisor of f and 9.
9
Let r = -14 + 15. Suppose -h = -3*h + 2. What is the greatest common factor of h and r?
1
Suppose 0 = 2*p - 7*p. Suppose -v - 2*t = -5 + 10, p = 2*v - 3*t - 18. Suppose -v*a + 0*a = -72. Calculate the greatest common divisor of a and 12.
12
Suppose 0 = -2*h - 4, -o + 3*o - 8 = -h. Suppose 0 = -o*t + 16 + 4. What is the highest common factor of 1 and t?
1
Suppose -2*a - 8 = 4*p + p, -4*p = 5*a - 14. Suppose 3*d = 3*m + a - 81, 5*m + d - 113 = 0. What is the greatest common divisor of 23 and m?
23
Let v(h) = -h + 7. Let s be 147/35 + 1/(-5). Let k be v(s). Calculate the highest common factor of 24 and k.
3
Suppose 20 = -5*q, -261 = -o - q + 2*q. Suppose 4*z = 3*h + 374 + 247, h - 456 = -3*z. Let v = o - z. What is the highest common factor of v and 13?
13
Suppose 0 = -v + 26 + 6. Calculate the highest common factor of 8 and v.
8
Let i be 48 - 1 - 0 - (-7 - -9). Calculate the highest common factor of i and 5.
5
Suppose 2*o = 4*v - v - 434, v - 5*o - 149 = 0. Calculate the greatest common factor of v and 18.
18
Let w = 28 - 14. What is the highest common factor of 112 and w?
14
Suppose -4*f + f + 15 = 0. Suppose -f*s = -4*l - 65, 4*s + 0*l - 4*l - 52 = 0. What is the greatest common factor of s and 143?
13
Suppose 0 = 5*m - 2*f - 11, f = -5*m + 2*f + 8. Let p(k) = 6*k**3 - k**2 + k. Let o be p(m). What is the greatest common factor of o and 12?
6
Suppose 0 = 6*n - 4*n - 4*a - 174, -4*a + 231 = 3*n. Calculate the highest common factor of 27 and n.
27
Let g = -2 + 2. Suppose -2*c + 43 - 5 = g. Calculate the highest common divisor of 209 and c.
19
Let c be (-3)/(-5) - (237/(-5) - -6). Let l = -64 + 127. What is the highest common divisor of l and c?
21
Suppose -3*k - 5*x = -10, 2*k - 5 = x + 6. Let s = 7 + k. What is the greatest common divisor of 72 and s?
12
Let h(m) = 5*m**3 - 4*m + 4*m**2 - 4*m**2 - 3*m**2 - 14*m**3 - 2. Let q be h(-2). What is the greatest common factor of q and 6?
6
Let o(g) = -8*g. Let s be o(-4). Suppose -s - 58 = -3*w. Calculate the greatest common divisor of w and 12.
6
Let r(v) = 2*v + 3. Let n be r(-2). Let x be 36 + 2 + n + -1. Suppose -3*h + 3*y = -x, -5*y + 2*y - 22 = -h. What is the highest common divisor of 21 and h?
7
Let i(j) = 2*j. Let k be i(6). Let c be 1*3 - (1 - 0). Suppose 5*h = p - 0*h - 83, -c*p = 3*h - 231. What is the greatest common factor of p and k?
12
Let g(o) = -o - 4. Let w be g(-5). Suppose -3*c + 5*h = -38, h = -4*c + 23 - 3. Calculate the greatest common factor of w and c.
1
Suppose -h = -0*h - 2. Let f be (h + 3)*(5 - -4). Calculate the highest common divisor of 9 and f.
9
Suppose -h = 2 - 4. Let c = 4 + h. What is the greatest common divisor of 2 and c?
2
Let p be -2 - -1 - -1*10. Suppose -180 = -0*t - 2*t. What is the highest common factor of t and p?
9
Suppose -4*q + 3*b - 7*b = -12, -5*b = 4*q - 11. Let r be 214/6 - (-1)/3. What is the highest common divisor of r and q?
4
Suppose 28 - 126 = -2*i. Let g be 72/5 + 4/(-10). Let v = g + -7. Calculate the highest common divisor of i and v.
7
Let w = 60 + 178. What is the greatest common divisor of w and 14?
14
Let x be (-10)/5*22/(-4). Calculate the highest common divisor of x and 121.
11
Let x(u) = -u**2 + 12*u + 8. Let m be x(12). Let f = -2 - -2. Suppose -3*s + f*s + 264 = 0. What is the greatest common divisor of m and s?
8
Let n be 1/3 - 28/(-6). What is the highest common factor of 2 and n?
1
Let y be 300/16 + (-1)/(-4). Suppose 2*t = t + 4*h + y, 3*t + h = 44. What is the greatest common divisor of 30 and t?
15
Suppose -5*s = -17 + 7. Let r(o) = -3*o - 2*o**2 + s*o**3 + 2 - 3*o**3 + 12*o**2. Let t be r(9). What is the greatest common divisor of 8 and t?
8
Suppose 4*g - 264 = -4*j, -j + 2*j + 62 = g. Let u = -3 - -9. Suppose m - u*m = -40. What is the greatest common factor of m and g?
8
Let v(k) = -2*k**2 + 15*k - 7. Let f be v(6). What is the highest common divisor of 1 and f?
1
Let t(m) = -m**3 - 8*m**2 - 5*m. Let x be t(-8). Calculate the greatest common divisor of 100 and x.
20
Suppose -z = -2*z - 5, 5*z + 115 = 5*y. Calculate the highest common divisor of 90 and y.
18
Let b(o) = 3*o + 1. Let x be b(1). Suppose 1 = -x*l + 29. Let q = -1 + 22. What is the greatest common factor of l and q?
7
Let q be -60*(1 - 2)*1/2. What is the greatest common factor of 210 and q?
30
Suppose -694 = -10*z + 346. What is the highest common factor of z and 26?
26
Suppose -3*q + 10 = 2*q, 4*q = 2*x + 10. Let h = 4 + x. Calculate the greatest common factor of h and 18.
3
Let i(h) be the first derivative of h**4/4 - 5*h**3/3 - 5*h**2/2 + 6*h + 4. Let q be i(6). What is the highest common factor of 30 and q?
6
Let b = 5 + -5. Suppose -g + 1 = -b. Let j be g*(-3 + (1 - -14)). Calculate the greatest common factor of j and 36.
12
Suppose 4*b - 189 - 163 = -2*s, b - 88 = 2*s. What is the highest common divisor of 11 and b?
11
Let z be ((-340)/25 - 4)*-5. What is the greatest common factor of z and 8?
8
Let w = -4 + 6. Suppose -d + 20 - w = 0. What is the greatest common factor of 72 and d?
18
Suppose -70 = -2*p + 80. Calculate the highest common divisor of 50 and p.
25
Let c(t) = 13*t**3 + 2*t**2 - 2*t + 1. Let a be c(1). Suppose 2*n - 26 = -4*v, -3 = n - 5*v + 5. Calculate the greatest common divisor of a and n.
7
Suppose -2*h = -0*h - 136. Suppose -k - 9 = -2*k + 2*z, 4 = z. What is the highest common divisor of h and k?
17
Let i(t) = t**2 - 6*t - 3. Suppose -20 = -5*r + r. Suppose r = 4*s - 27. Let h be i(s). What is the highest common divisor of h and 39?
13
Let b(j) = -j**2 + 8*j. Let w be b(8). Suppose -2*k - k + 105 = w. Calculate the highest common factor of 5 and k.
5
Let t(m) = -m**3 - 12*m**2 - 13*m - 4. Let p be -2*((-15)/(-6) - -3). Let c be t(p). Calculate the greatest common divisor of 90 and c.
18
Suppose -k - 38 = -4*b + k, -4*k + 4 = 2*b. Let y be 5*3*(-4)/(-3). Let p = 52 - y. Calculate the highest common divisor of p and b.
8
Suppose -2*s + s + 1 = 0. Let a = s - -1. Let c be (6/(-9))/(a/(-66)). What is the greatest common factor of 33 and c?
11
Let w(g) = g**2 - 4*g + 1. Let n be w(3). Let v be (-36)/(-3) - n/(-1). Calculate the greatest common factor of 4 and v.
2
Suppose 12*c - 15 = 7*c. Calculate the highest common divisor of c and 18.
3
Let n = 45 + -26. Suppose n = -l + 2*l. Calculate the highest common factor of 152 and l.
19
Let b(r) = -r**2 - 9*r + 6. Suppose -7 = -0*d + d. Let q be b(d). Calculate the greatest common divisor of q and 50.
10
Suppose 2*o = 5*s - 38, -4*s + 2*o + 27 = -3*o. Let f = 14 - s. Let k be 5*-6*(-2)/f. Calculate the highest common divisor of 1 and k.
1
Let n(u